17
What is the highest common factor of 2322 and 216?
54
What is the greatest common factor of 7040 and 660?
220
What is the greatest common divisor of 3982 and 22?
22
What is the greatest common divisor of 36 and 5004?
36
What is the highest common divisor of 64 and 10?
2
What is the highest common divisor of 369 and 492?
123
What is the highest common factor of 20800 and 80?
80
Calculate the highest common factor of 28 and 2653.
7
Calculate the highest common factor of 54 and 351.
27
Calculate the greatest common divisor of 4 and 10.
2
What is the highest common factor of 390 and 624?
78
Calculate the highest common factor of 32 and 24.
8
What is the greatest common factor of 133 and 14?
7
Calculate the highest common factor of 1408 and 96.
32
What is the highest common factor of 50 and 2910?
10
Calculate the greatest common factor of 1056 and 55.
11
What is the highest common divisor of 7 and 18?
1
What is the greatest common divisor of 134340 and 60?
60
What is the greatest common factor of 91 and 21?
7
What is the highest common factor of 1166 and 22?
22
Calculate the greatest common divisor of 4771 and 13.
13
What is the greatest common factor of 74 and 296?
74
What is the greatest common divisor of 284 and 7597?
71
Calculate the highest common divisor of 448 and 42.
14
What is the highest common factor of 1330 and 95?
95
What is the greatest common factor of 391 and 92?
23
What is the highest common factor of 175 and 2800?
175
Calculate the greatest common factor of 10 and 2330.
10
What is the highest common factor of 21869 and 95?
19
What is the greatest common factor of 23 and 667?
23
What is the highest common divisor of 44 and 1342?
22
Calculate the highest common divisor of 9455 and 310.
155
What is the greatest common factor of 2119 and 815?
163
What is the greatest common divisor of 625 and 75?
25
What is the greatest common divisor of 23530 and 390?
130
What is the greatest common factor of 30 and 1002?
6
What is the greatest common divisor of 7 and 413?
7
Calculate the greatest common divisor of 845 and 2873.
169
What is the greatest common divisor of 85 and 68?
17
Calculate the highest common factor of 120 and 160.
40
Calculate the greatest common divisor of 405 and 285.
15
Calculate the highest common divisor of 34671 and 762.
381
Calculate the highest common divisor of 138 and 384.
6
What is the greatest common divisor of 990 and 5555?
55
Calculate the greatest common factor of 351 and 18.
9
What is the highest common divisor of 4941 and 9?
9
Calculate the highest common factor of 576 and 324.
36
What is the highest common divisor of 3382 and 178?
178
What is the highest common factor of 46 and 2254?
46
What is the greatest common divisor of 70 and 448?
14
What is the greatest common divisor of 4 and 124?
4
What is the greatest common factor of 3103 and 116?
29
Calculate the greatest common factor of 378 and 1458.
54
Calculate the highest common divisor of 906 and 6.
6
Calculate the highest common divisor of 11643 and 3.
3
Calculate the greatest common divisor of 3322 and 22.
22
What is the greatest common factor of 22 and 143638?
22
What is the greatest common factor of 34 and 425?
17
What is the greatest common factor of 8 and 39?
1
What is the greatest common factor of 9484 and 2?
2
What is the greatest common divisor of 26 and 26?
26
Calculate the greatest common divisor of 916 and 8.
4
Calculate the greatest common divisor of 24 and 3144.
24
What is the highest common factor of 105 and 28?
7
What is the highest common factor of 60 and 120?
60
Calculate the greatest common factor of 2028 and 612.
12
Calculate the greatest common divisor of 72 and 162.
18
What is the greatest common divisor of 2115 and 45?
45
What is the greatest common divisor of 24344 and 272?
136
What is the greatest common divisor of 792 and 27?
9
Calculate the greatest common factor of 139 and 139.
139
Calculate the highest common divisor of 2303 and 47.
47
Calculate the greatest common factor of 88 and 198.
22
What is the greatest common divisor of 512 and 144?
16
What is the highest common factor of 3792 and 144?
48
What is the greatest common factor of 4 and 17?
1
What is the highest common divisor of 6 and 129?
3
Calculate the highest common factor of 12 and 10.
2
Calculate the greatest common divisor of 78 and 364.
26
What is the greatest common divisor of 301 and 688?
43
What is the greatest common factor of 75 and 1425?
75
Calculate the greatest common divisor of 42 and 17682.
42
What is the highest common factor of 848 and 1024?
16
Calculate the greatest common divisor of 64 and 2.
2
What is the greatest common factor of 249 and 3?
3
What is the highest common factor of 7428 and 192?
12
What is the highest common factor of 80 and 2160?
80
Calculate the highest common factor of 76 and 494.
38
Calculate the greatest common divisor of 327 and 10028.
109
What is the greatest common factor of 240 and 30?
30
Calculate the highest common divisor of 9 and 3783.
3
Calculate the highest common factor of 8616 and 192.
24
What is the highest common divisor of 629 and 952?
17
Calculate the highest common divisor of 34 and 18.
2
What is the highest common divisor of 30 and 430?
10
What is the highest common divisor of 400 and 25?
25
Calculate the greatest common factor of 6300 and 252.
252
What is the highest common factor of 111 and 2738?
37
Calculate the greatest common factor of 125 and 4725.
25
Calculate the greatest common divisor of 1550 and 310.
310
Calculate the highest common factor of 484 and 748.
44
Calculate the highest common factor of 58 and 33321.
29
What is the greatest common factor of 36 and 4842?
18
Calculate the highest common factor of 33 and 55.
11
What is the highest common factor of 10 and 290?
10
Calculate the highest common divisor of 84 and 48.
12
What is the highest common divisor of 24 and 564?
12
Calculate the highest common factor of 6713 and 98.
49
Calculate the highest common factor of 1352 and 4.
4
What is the highest common divisor of 16280 and 88?
88
Calculate the highest common factor of 2 and 230.
2
What is the highest common factor of 632 and 64?
8
What is the greatest common factor of 69 and 138?
69
What is the greatest common divisor of 871 and 67?
67
What is the highest common factor of 451 and 164?
41
What is the greatest common divisor of 224 and 1036?
28
Calculate the highest common divisor of 8879 and 26.
13
Calculate the greatest common divisor of 132 and 220.
44
What is the highest common factor of 7526 and 142?
142
What is the greatest common divisor of 912 and 12?
12
What is the highest common factor of 6 and 1698?
6
What is the highest common divisor of 16 and 26584?
8
What is the greatest common factor of 15 and 12000?
15
Calculate the greatest common divisor of 5715 and 105.
15
What is the highest common factor of 205 and 164?
41
What is the greatest common factor of 962 and 2294?
74
What is the highest common divisor of 968 and 8?
8
Calculate the greatest common factor of 68 and 4.
4
Calculate the highest common divisor of 3 and 57.
3
Calculate the highest common factor of 40 and 616.
8
Calculate the greatest common divisor of 1189 and 369.
41
What is the highest common divisor of 17 and 41?
1
Calculate the highest common factor of 176 and 132.
44
Calculate the greatest common factor of 65 and 130.
65
Calculate the highest common factor of 952 and 340.
68
What is the greatest common factor of 18 and 6804?
18
What is the highest common factor of 3421 and 11?
11
Calculate the highest common factor of 48 and 168.
24
Calculate the greatest common factor of 2759 and 356.
89
What is the greatest common divisor of 290 and 4?
2
Calculate the highest common divisor of 34 and 2006.
34
What is the highest common factor of 40 and 72?
8
Calculate the highest common divisor of 1080 and 40.
40
What is the highest common factor of 364 and 104?
52
Calculate the highest common divisor of 3653 and 26.
13
Calculate the highest common divisor of 4 and 594.
2
What is the greatest common divisor of 24 and 888?
24
What is the highest common factor of 20 and 65?
5
What is the highest common factor of 1629 and 27?
9
What is the highest common divisor of 126 and 5922?
126
What is the greatest common divisor of 16 and 188?
4
